. Let x be d(-7). Is ((-7836)/40)/(6/(-5))*x a prime number?
False
Let t(m) = 5*m**2 + 3*m + 8. Let b(x) = x - 2*x**2 + 6*x**2 + 2 + 7 + 3*x. Let f(o) = -3*b(o) + 4*t(o). Is f(-6) a prime number?
True
Let n(z) = z**3 + 26*z**2 - 42*z + 1. Is n(-24) a composite number?
False
Is ((-452)/4)/(-2*(-5)/(-20)) a prime number?
False
Suppose -3*h = -5*u - 222693, 27*h - 2*u = 32*h - 371155. Is h a prime number?
True
Suppose -3*u + q + 3284 = -5110, 0 = -u - 2*q + 2805. Is (2 - 1 - u)*(-5)/10 a composite number?
False
Is 7/(-28) - (47626/8)/(-1) composite?
False
Let u(o) = -48*o - 3. Let t be u(1). Let m = t + 88. Is m a prime number?
True
Let j = -29 - -19. Let l = -4 - j. Is 2/l + (-4300)/(-15) a composite number?
True
Suppose -10 = -5*t, 5*u = t - 2*t + 8772. Is u a prime number?
False
Let o be (4 - 28) + (-2)/1. Let c = o - 1. Let g = c + 50. Is g prime?
True
Suppose 4*v - 16137 - 40239 = -2*m, v = 5*m + 14083. Is v a composite number?
True
Let z = -14770 + 28991. Is z prime?
True
Suppose -2*i = -2*r, 0 = -2*i - 3*r - 0*r + 15. Suppose -3155 = -8*f + i*f. Is f a composite number?
False
Let a(b) = b**3 - 23*b**2 - 26*b + 30. Let k be a(24). Is -2*(-1 - 21/k)*-249 composite?
False
Let a = -22 + 341. Is a prime?
False
Let k = -13 - -15. Let v be (5/5)/(k/26). Is 3 + 0 + (v - -207) composite?
False
Let w = -161 - -7. Let s = w - -257. Is s a prime number?
True
Let s = 13059 - 5322. Is s composite?
True
Let f(g) be the second derivative of g**3/2 - 25*g**2/2 + 9*g. Let a be f(10). Suppose -a*y + 0*y + 231 = -m, 3*y + 4*m - 157 = 0. Is y prime?
True
Let i = 1514 + -3699. Let q = -618 - i. Is q a composite number?
False
Let n(f) = f + 12. Let i be n(-7). Suppose i*u + q = 330, 221 = -2*u + 5*u - 4*q. Is u composite?
False
Suppose 150823 + 39549 = 28*f. Is f a composite number?
True
Suppose -5*w = 2*x - 8983, 0 = -w + x + 2*x + 1783. Suppose -4*z = -9*z + w. Is z composite?
False
Is ((-11177)/2 + -5 - -5)*-2 prime?
True
Let z(i) = i**2 - 9*i + 170*i**3 - i**2 + 11*i - 3. Is z(2) a prime number?
True
Suppose 55369 = 3*c + z, 3*c + 27*z - 28*z - 55361 = 0. Is c a composite number?
True
Suppose -1423522 - 1979361 = -121*r. Is r a composite number?
False
Let h = 31489 - 20704. Suppose -2*f + 7*f - h = 0. Suppose 3*q + 0*q = f. Is q a composite number?
False
Let l = -7 - -6. Let w be l/(6/339)*2. Is w*15*9/(-27) composite?
True
Let j be (-23)/(-4) - 1/(-4). Suppose -3*i = -3*c - 351, 5*i - j*c + 10*c - 603 = 0. Let o = -42 + i. Is o prime?
False
Let r(s) = 12*s**3 - 4*s**2 + 6*s + 3. Is r(6) composite?
True
Is 5576/(-12)*(-18)/12 a prime number?
False
Suppose -35 = 5*t - h, 9 = -2*h - 1. Let a(z) = -24*z - 1. Is a(t) prime?
True
Suppose -3*a - 4*z + 12 = 4, -z = -2*a - 13. Is 5/((-10)/(-326)) + a a prime number?
False
Let f(u) = 7*u - 66. Let y be f(-6). Let r be (71*1/(-1))/1. Let x = r - y. Is x a prime number?
True
Let u(t) = 50*t + 24 - 6 + 15*t + 8*t. Is u(11) a composite number?
False
Let a(k) = -2*k**3 - 3*k**2 - 2*k + 1. Let o be a(-1). Let g be (4/(-8))/(4/(-24)). Is ((-2)/g)/(o/(-498)) composite?
True
Let u = 2669 - 1341. Suppose -2*k = -4*l + u, 0 = -3*l - 5*k + k + 985. Is l a composite number?
False
Let s(r) = -28*r + 13841. Is s(0) a composite number?
False
Suppose -1204621 = -44*q + 3*q. Is q a composite number?
True
Let v = 1319 - 868. Is v composite?
True
Let t(h) = -363*h - 31. Let k be t(-11). Suppose 2*n - 4 + 14 = 0, -k = -3*w + n. Is w a prime number?
True
Let w be 8/52 + 669/(-39). Is (13/2)/(w/(-238)) a prime number?
False
Suppose -23*i + 923346 + 155101 = 0. Is i a prime number?
True
Let l be 1 - ((-4 - -2) + 1). Suppose 2*k = 4, q - 7 = -l*k + 1. Suppose q*v - v - 381 = 0. Is v a composite number?
False
Let k(v) = v**2 - 20*v - 39. Let q be k(22). Let s(x) = 298*x + 4. Let l be s(3). Suppose -w - 5*b = -6*w + 4580, w = -q*b + l. Is w composite?
True
Let f = -349 + 213. Let q = -77 - f. Is q a prime number?
True
Let p = -3264 + 6857. Is p a prime number?
True
Suppose 3*o + g - 1 = 4, 5*o + 4*g = 6. Is (-1)/(o/(-1172) + 0) a composite number?
True
Suppose 0 = -3*m + 3*o - 9, -2*m = -4*m + o - 1. Let c(k) = -16*k**m + k**3 + 33*k**2 + 3*k - 11 + 11*k. Is c(-12) composite?
False
Let a be 4 + 60/3 - -1. Let o = -25 + a. Suppose o*r + 77 = r. Is r composite?
True
Suppose t - 620 = -t. Suppose -103 = -r + 3*i, -539 = -5*r + 8*i - 5*i. Let l = r + t. Is l a composite number?
False
Let y(k) = -k**2 - 3*k + 2. Let w be y(-3). Suppose -778 + 4890 = w*x + 5*v, 2059 = x + 4*v. Is x composite?
True
Let j = 1495 + 2196. Is j composite?
False
Suppose -3*p = -6*p. Let t be 3/((-6)/(-650)) + p. Suppose -4*s - s + t = 0. Is s composite?
True
Let o = 99 - 119. Is 70/o*(-3 + -163) composite?
True
Suppose -2*j - 4 = 262. Let d = j + 224. Is d a prime number?
False
Is 49719/3 + (-22 - -28) a prime number?
False
Suppose -6*w + 3*w + 1221 = 2*x, -4*w - 2*x = -1626. Is w + (6 - (4 + -2)) composite?
False
Suppose 4*q - 3*q + 39205 = 5*i, 2*i = q + 15682. Is i a prime number?
True
Let h(i) = -i**2 - 3*i + 16. Let f be h(-7). Let t be 5/2*f/(-15). Suppose 0 = -t*b - 6, -307 = -2*j - 3*b - 2*b. Is j composite?
True
Let h = 145 - -229. Suppose -74 = 3*n - h. Suppose w - n = -3*w. Is w a composite number?
True
Let i(r) = r**2 + 3*r + 4. Let o(g) = g**2 - 5*g - 3. Let u be o(5). Let x be i(u). Let j(z) = 9*z**2 + 4*z + 3. Is j(x) composite?
False
Suppose 4*z = -2*w, -8*z + 7*z + 5 = 3*w. Let f(t) = 218*t**2 + 6*t - 7. Is f(w) a composite number?
False
Let x(y) = 13*y**2 - 7*y + 2. Let r be x(8). Let l be (-4)/(-3) - 2/(-3). Suppose -5*p - l*t = -769, p - r = -4*p + t. Is p composite?
True
Let l = -2369 - -4690. Is l composite?
True
Suppose 20959 = -10*p + 288929. Is p a prime number?
False
Suppose 3*r - m - 416 = 0, -5*r + 99 + 617 = 4*m. Suppose 3*a + a + 204 = 0. Let p = r + a. Is p composite?
False
Let w be 3/(-5) - (-1673)/5. Suppose -6*s + 1480 = w. Is s a composite number?
False
Suppose -7*j + 28 = -3*j - 2*v, -2 = v. Suppose 26 = 2*m + 3*c, 2*m - j*c - 42 = -c. Is (-71)/(-3) + m/(-24) a prime number?
True
Let x = -635 - -1468. Let c be (1 + -2)*2370/5. Let r = c + x. Is r a composite number?
False
Let m(l) = l**2 - l + 251. Let a = 14 + -11. Let j = -3 + a. Is m(j) a prime number?
True
Suppose 0*h + 280531 = 23*h. Is h prime?
True
Suppose -31*s - 133210 = -380993. Is s a prime number?
True
Suppose -8*z + 1358 = -z. Is z a composite number?
True
Suppose 0*r - 4 = r. Is 73 + 6/r + 1/(-2) a prime number?
True
Let t be (-1)/10*4*-40. Is t/(2 - 6) - -47 a composite number?
False
Is ((-3)/(3/8) - -2) + 33127 composite?
True
Suppose 6*g - 5*g = 10. Let t(k) = k**2 - 7*k + 7. Is t(g) a prime number?
True
Is ((-23764)/6)/(((-32)/(-6))/(-8)) prime?
False
Suppose 2*h + h = 2*w - 9428, 4707 = w + 2*h. Is w a composite number?
True
Let a = -411 - -305. Let q(c) = -11*c + 9. Let x be q(6). Let v = x - a. Is v prime?
False
Let v(d) = -d**2 + 8*d + 2. Let w be v(8). Let p be 159 - ((-2 - -1) + 2). Suppose 0*h - w*h + p = 0. Is h composite?
False
Suppose -t + 2*r + r = 8, 2*t - 5*r + 12 = 0. Is ((-5685)/(-1 - t))/3 composite?
False
Let x = -15160 - -52133. Is x a prime number?
True
Suppose -3*u + 3 = 0, 5*r + 5*u - 12468 = 1632. Is r a prime number?
True
Let s = -2925 + 5188. Suppose -6*r + s = -11159. Is r prime?
True
Suppose 4*l - y - 13 - 4 = 0, -5*l - 4*y + 16 = 0. Let c(f) = 120*f**2 + 3. Is c(l) a prime number?
False
Suppose -2*q + 3 - 5 = 0, -5689 = -2*b - q. Is b a composite number?
True
Let f = -35 + 125. Let b = f - 59. Is b prime?
True
Let u(y) = 11*y**2 - 11*y + 121. Is u(-39) a composite number?
True
Let r = 2493 + -3577. Let m = r - -1713. Is m a prime number?
False
Let a(u) = 8*u - 3 - 20 - 7 + 3. Is a(13) a composite number?
True
Let y = 36825 - 23288. Is y a prime number?
True
Let x(y) = 740*y**2 - 2*y - 1. Let g be x(-1). Suppose 4*f - 2627 - g = 0. Is f a composite number?
True
Let f = -164 - -690. Let j = -269 + f. Is j a prime number?
True
Let w(c) = 3591*c**2 + 3*c + 2. Let s be w(-1). Is s/8 + 29/116 prime?
True
Suppose -14*c = 2*r - 10*c - 282798, -565648 = -4*r + 5*c. Is r a prime number?
False
Let k(u) = 2*u**3 + 19*u**2 - 35*u + 41. Is k(18) a prime number?
True
Suppose 5*g - 5 = 4*g. Let n be (-1)/(((-20)/8)/g). Suppose 1100 = 2*q - 3*v, -3*q + 1